ctor of c and 10?
5
Suppose 0 = -5*r - 2*a + 4, 11 = 4*r - 0*a - a. Let u be (1 - 2)/(1/r). Let s be (-125)/u*20/25. What is the greatest common divisor of 10 and s?
10
Let u(o) = -3 + 10*o - 1 + 6. Let t(w) = w**2 - 7*w + 8. Let h be t(6). Let m be u(h). What is the highest common factor of 198 and m?
22
Let d(i) = i**3 - 3*i**2 - 6*i + 2. Let a be d(5). Let t = a - 13. Calculate the greatest common factor of 81 and t.
9
Let w = 53 + -6. What is the greatest common factor of w and 141?
47
Let k(u) = -5*u**2 + 1 - 9*u + u**3 + 4 + 0*u**2. Let s be k(7). Suppose -5*q + 0*n + 53 = -n, -21 = -3*q - 3*n. What is the greatest common divisor of q and s?
10
Let t be 3/(-12) - 420/(-16). Let u be 10*(t/4 + -3). Calculate the highest common divisor of u and 14.
7
Let g = 117 + -108. Let y be 2 + 87*1 - -1. Calculate the greatest common divisor of y and g.
9
Let w be 2451/3 - -2 - -1. Suppose -2*i - w = -7*i. Suppose 3*j + z = i, 2*j - z = 90 + 21. What is the greatest common factor of j and 11?
11
Suppose -m = 4*s - 4*m - 55, 5*s - 2*m - 60 = 0. Let n = 2 + 1. Let y be -3*((-8)/n + 2). Calculate the greatest common divisor of y and s.
2
Let b(o) = o**3 - 11*o**2 + 9. Let w be b(11). What is the greatest common divisor of w and 6?
3
Let o(m) = 7*m - 9. Let y be o(7). Suppose -k = -4 + 1. Suppose -d = k*d - 40. What is the highest common divisor of y and d?
10
Let s be (1 - 3) + 14/7. Let f(n) be the third derivative of n**4/24 + 3*n**3 - n**2. Let u be f(s). What is the greatest common divisor of 45 and u?
9
Let t be (-6)/(-27) + 115/9. Let c(b) = -b**2 + 13*b + 12. Let s be c(t). Calculate the greatest common factor of 6 and s.
6
Let z = 0 + -3. Let q be 0/(-1) - 2*z. Let p = 34 - 19. Calculate the greatest common factor of q and p.
3
Let q(b) = b**3 + 8*b**2 - 2*b - 15. Let l be q(-8). What is the highest common divisor of l and 9?
1
Let m(u) = -u**2 + 1. Let z be m(1). Suppose 22 = 5*x + 2. Suppose i + x*l = -7, 2*i + 3*l - 11 = -z*l. What is the greatest common divisor of i and 39?
13
Let y(d) = d**3 + 6*d**2 + d - 2. Let c be y(-5). Let w = 81 + -63. What is the greatest common factor of w and c?
18
Suppose -4*a - q + 20 = 0, 20 = 4*a - q - 3*q. Suppose a - 21 = -l. Calculate the highest common factor of 2 and l.
2
Let c = -13 + 22. What is the greatest common divisor of c and 72?
9
Suppose 0 = -k - 7*v + 3*v + 26, -2*k + 32 = 4*v. Suppose -4*l - 3 - 9 = 0. Let h = k - l. What is the highest common divisor of h and 72?
9
Let i(g) = 19*g**2 - 10*g + 9*g + 5 - 3. Let f be i(-2). Calculate the greatest common factor of f and 10.
10
Let m be (-160)/12*24/(-10). What is the greatest common divisor of 16 and m?
16
Suppose 3*t - 71 = 2*z - z, 3*t - 4*z = 59. Let v = t - 17. What is the highest common divisor of 88 and v?
8
Let o(y) = -y - 3. Let m be o(-4). Let v be (m/3)/(3/171). What is the greatest common factor of 152 and v?
19
Let v(i) = -i + 2. Let k be v(-8). Let o be -10*(2 - 9/2). Let p be 658/k - (-5)/o. What is the greatest common factor of 6 and p?
6
Suppose 0*j - 5*j + 25 = 0. Let v = -3 - -23. What is the greatest common divisor of v and j?
5
Suppose -5 - 7 = 4*n. Let x be 0/(-3) + n + 4. What is the highest common divisor of x and 9?
1
Suppose 4*g - 464 = -4*t, -t + 5*g - 2*g + 132 = 0. Let d(c) = c**3 + 11*c**2 + 8*c - 5. Let f be d(-10). What is the greatest common divisor of t and f?
15
Let n(k) = k**3 - 12*k**2 + 10*k + 15. Let y be n(11). What is the highest common divisor of 6 and y?
2
Suppose 6*o - 8*o + 216 = 0. Calculate the highest common divisor of o and 12.
12
Let o(m) = m**3 + m**2 - m + 27. Let b be o(0). Suppose -5*y + 74 = -16. Calculate the greatest common divisor of b and y.
9
Let x(u) = -2*u - 2. Let v be x(-3). What is the highest common factor of v and 6?
2
Suppose t - 10 = -4*p, 3*p + 4*t - 13 = 6*t. Suppose -p*x + 20 = 5. What is the greatest common divisor of 45 and x?
5
Let b(z) = -2*z**3 - 9*z**2 - 8*z + 12. Let d be b(-6). Calculate the highest common factor of 24 and d.
24
Suppose 4*k + 127 = 219. What is the highest common factor of 115 and k?
23
Suppose -u + 2 - 16 = 0. Let y be (-2)/u - (-2097)/21. What is the highest common divisor of 20 and y?
20
Let g = -173 + 186. Calculate the greatest common factor of 39 and g.
13
Suppose g + g = 96. Let c be (-3)/((-9)/g - 0). Let x be 1/(-3) - 482/(-6). What is the highest common divisor of c and x?
16
Let m(b) = -b**2 - 2. Let i be m(0). Let j = i - -3. Let y = j + 17. What is the highest common factor of 45 and y?
9
Let k be (0 - 1)/(2/(-28)). Calculate the greatest common divisor of k and 21.
7
Let k = -3 + 7. Suppose -k*i = -3*q + 7, 5 = -q + 10. Suppose 4*u = i*u + 72. Calculate the highest common factor of 18 and u.
18
Suppose -10*i + 214 + 86 = 0. What is the highest common factor of i and 20?
10
Let q be (-1 + -2 - -2) + 4. Let a(y) be the first derivative of y**2 + 3*y - 18. Let z be a(q). What is the highest common divisor of 9 and z?
9
Let r = -4 - -7. Let f = r + 6. Calculate the greatest common divisor of 45 and f.
9
Suppose 8*n - 3*n = 85. Suppose 2*j - 4*j + 3*u = -377, 4*j + 5*u - 743 = 0. Calculate the highest common factor of j and n.
17
Let d be 12*1/((-2)/(-4)). Calculate the greatest common factor of d and 16.
8
Let q be 1/(-1)*(6 - 3). Let g = q + 3. Suppose 4*d - 32 = -g*d. What is the highest common factor of d and 4?
4
Let t(o) = 9*o - 2. Let j be t(4). Suppose -46 = -q + i, 0*q - j = -q - 2*i. What is the greatest common factor of 105 and q?
21
Suppose -5*x + 2*v = 18, x + 21 = -3*x - 5*v. Let t = x - -7. Suppose 5*m + 5*i - 25 = 0, -m + 3*i + t = 2. What is the greatest common factor of 40 and m?
4
Let s be 4/30 - 4449/(-45). Calculate the highest common divisor of 9 and s.
9
Let v = -47 + 60. Calculate the greatest common divisor of 104 and v.
13
Suppose d + 1 = 5. Let v be ((-16)/12)/(d/(-6)). What is the greatest common divisor of v and 22?
2
Suppose 2*t = -5*i + 209, 4*i = -5*t + 440 + 74. Calculate the highest common divisor of t and 51.
51
Let f be 3/6*6*-4. Let w(i) = i**2 + 11*i + 9. Let d be w(f). Calculate the highest common factor of 21 and d.
21
Let p(f) = f**3 - 3*f**2 - 5*f - 3. Let c be p(7). Let u be 4/(-12) + c/6. Calculate the greatest common divisor of 234 and u.
26
Let p = -24 - -52. Calculate the greatest common factor of p and 28.
28
Suppose 5*u + 4*i - 55 = 0, 4*u + 43 = 8*u + 3*i. What is the highest common factor of u and 28?
7
Suppose 2*b - 1 - 3 = 0. Suppose -2*v = 3*v + 3*g + 605, b*v = g - 231. Let c = -58 - v. Calculate the greatest common divisor of c and 12.
12
Suppose 4*k - 3 = k. Suppose -2*o + k = -3. Let z be o/(-2) + (-20)/(-2). Calculate the greatest common divisor of z and 45.
9
Suppose 9*p = 19 + 107. Suppose b - 36 = -c, -4*c + b + 139 = -0*c. Calculate the highest common factor of c and p.
7
Let u be 51/(2 + 2/(-4)). Calculate the highest common factor of 17 and u.
17
Suppose 5*g - 91 - 109 = 0. Let k be g/6 - (-4)/(-6). Let v = 73 - 43. Calculate the greatest common divisor of k and v.
6
Let o = 52 + -31. Let v be (o/14)/((-1)/(-6)). What is the highest common divisor of v and 6?
3
Let n be (29 - -1)/(1 - 2). Let m be (-12)/n + (-496)/(-10). Calculate the highest common divisor of 20 and m.
10
Let q = 15 - -97. Calculate the greatest common factor of q and 16.
16
Let n(k) = 9*k. Let d be n(1). What is the highest common factor of d and 9?
9
Let z(j) = 2*j + 4. Let a be z(7). Let n be 276/a + (-1)/3. Calculate the highest common divisor of n and 15.
15
Let q be (2/((-4)/(-22)))/1. Suppose -q = -p + 1. Let c = -3 + p. Calculate the greatest common divisor of 36 and c.
9
Let f be (-3162)/(-33) - (-4)/22. What is the highest common factor of f and 64?
32
Let f = -2 - 0. Let s = -2 - f. Suppose s*c + 1 = c. What is the greatest common divisor of c and 3?
1
Suppose c - 2*o - 20 = 0, c + 0*c = o + 15. Let g be (2*-1)/(c/(-105)). What is the greatest common factor of g and 168?
21
Let k be 12/(-14)*(-7 - 0). Suppose -4*u + 225 = -0*g + 3*g, 5*u - g - 305 = 0. What is the highest common divisor of k and u?
6
Let p = 27 - 13. Let m(h) = -h**2 + 4. Let g be m(3). Let j = g - -61. What is the highest common factor of p and j?
14
Suppose 4*b - 14 = 2*k + k, 0 = 4*k - 5*b + 17. Let a = k - -130. Calculate the